{"id":1559,"date":"2024-09-15T08:12:18","date_gmt":"2024-09-15T08:12:18","guid":{"rendered":"https:\/\/xadrezfigueira.mfbpro.com\/?page_id=1559"},"modified":"2025-11-11T11:08:57","modified_gmt":"2025-11-11T11:08:57","slug":"ronda-de-teste","status":"publish","type":"page","link":"https:\/\/xadrezfigueira.mfbpro.com\/?page_id=1559","title":{"rendered":"Ronda 1"},"content":{"rendered":"\n<!DOCTYPE html>\n<html lang=\"pt-BR\">\n<head>\n    <meta charset=\"UTF-8\">\n    <meta name=\"viewport\" content=\"width=device-width, initial-scale=1.0\">\n    <title>Resultados da Ronda 1<\/title>\n    <style>\n        table {\n            width: 60%;\n            border-collapse: collapse;\n            margin: 20px auto;\n        }\n        table, th, td {\n            border: 1px solid black;\n            text-align: center;\n            padding: 10px;\n        }\n        th {\n            background-color: #f2f2f2;\n        }\n    <\/style>\n<\/head>\n<body>\n\n<h2 style=\"text-align: center;\">Resultados da Ronda 1<\/h2>\n\n<table id=\"tabela-resultados\">\n    <thead>\n        <tr>\n            <th>Mesa<\/th>\n            <th>Brancas<\/th>\n            <th>Pretas<\/th>\n            <th>Resultado<\/th>\n        <\/tr>\n    <\/thead>\n    <tbody>\n        <!-- Linhas da tabela ser\u00e3o geradas pelo JavaScript -->\n    <\/tbody>\n<\/table>\n\n<script>\n    \/\/ Dados dos resultados\n    const resultados = [\n  {\n    \"mesa\": 1,\n    \"brancas\": \"Sousa, Joao Francisco Silva\",\n    \"pretas\": \"Harikrishnan.A.Ra,\",\n    \"resultado\": \"0-1\"\n  },\n  {\n    \"mesa\": 2,\n    \"brancas\": \"Psyk, Radoslaw\",\n    \"pretas\": \"Julio, Rocha Miguel\",\n    \"resultado\": \"1-0\"\n  },\n  {\n    \"mesa\": 3,\n    \"brancas\": \"De Oliveira, Jairo Quintiliano\",\n    \"pretas\": \"Bernadskiy, Vitaliy\",\n    \"resultado\": \"0-1\"\n  },\n  {\n    \"mesa\": 4,\n    \"brancas\": \"Alsina Leal, Daniel\",\n    \"pretas\": \"Massarotto, Dieferson Flori\",\n    \"resultado\": \"1-0\"\n  },\n  {\n    \"mesa\": 5,\n    \"brancas\": \"Zapata Campos, Lidia Karen\",\n    \"pretas\": \"Rathanvel, V S\",\n    \"resultado\": \"0-1\"\n  },\n  {\n    \"mesa\": 6,\n    \"brancas\": \"Sousa, Andre Ventura\",\n    \"pretas\": \"Rosmait, Emily\",\n    \"resultado\": \"1-0\"\n  },\n  {\n    \"mesa\": 7,\n    \"brancas\": \"Ferreira, Eduardo Jose\",\n    \"pretas\": \"Petkov, Vladimir\",\n    \"resultado\": \"0-1\"\n  },\n  {\n    \"mesa\": 8,\n    \"brancas\": \"Muthaiah, Al\",\n    \"pretas\": \"Bunga, Avelino\",\n    \"resultado\": \"1-0\"\n  },\n  {\n    \"mesa\": 9,\n    \"brancas\": \"Ledas, Armandas\",\n    \"pretas\": \"Spraggett, Kevin\",\n    \"resultado\": \"0-1\"\n  },\n  {\n    \"mesa\": 10,\n    \"brancas\": \"Florstedt, Johannes\",\n    \"pretas\": \"Segura Del Frago, Imanol\",\n    \"resultado\": \"1-0\"\n  },\n  {\n    \"mesa\": 11,\n    \"brancas\": \"Duque, Raquel Dos Santos\",\n    \"pretas\": \"Galego, Luis\",\n    \"resultado\": \"0-1\"\n  },\n  {\n    \"mesa\": 12,\n    \"brancas\": \"Niedbala, Bartlomiej\",\n    \"pretas\": \"Adams, Philip\",\n    \"resultado\": \"1-0\"\n  },\n  {\n    \"mesa\": 13,\n    \"brancas\": \"Amaro, Goncalo Ferreira\",\n    \"pretas\": \"Ubilava, Elizbar\",\n    \"resultado\": \"\u00bd-\u00bd\"\n  },\n  {\n    \"mesa\": 14,\n    \"brancas\": \"Povshednyi, Ivan\",\n    \"pretas\": \"Lameirinhas, Paulo Jorge Veloso\",\n    \"resultado\": \"1-0\"\n  },\n  {\n    \"mesa\": 15,\n    \"brancas\": \"Neto, Dinis Fonseca\",\n    \"pretas\": \"Martins, Bruno Andre Leite\",\n    \"resultado\": \"0-1\"\n  },\n  {\n    \"mesa\": 16,\n    \"brancas\": \"Nitin, S.\",\n    \"pretas\": \"Roque, Armando Filipe\",\n    \"resultado\": \"1-0\"\n  },\n  {\n    \"mesa\": 17,\n    \"brancas\": \"Silva, Tiago Alexandre Pinho D\",\n    \"pretas\": \"Vassallo Barroche, Mauricio\",\n    \"resultado\": \"0-1\"\n  },\n  {\n    \"mesa\": 18,\n    \"brancas\": \"Pablo Mari, Alejandro\",\n    \"pretas\": \"Silva, Daniel\",\n    \"resultado\": \"1-0\"\n  },\n  {\n    \"mesa\": 19,\n    \"brancas\": \"Ermida, Ricardo\",\n    \"pretas\": \"Balaji, Aaravamudhan\",\n    \"resultado\": \"0-1\"\n  },\n  {\n    \"mesa\": 20,\n    \"brancas\": \"Farias, David Nuno M E\",\n    \"pretas\": \"Junior, Ednasia\",\n    \"resultado\": \"\u00bd-\u00bd\"\n  },\n  {\n    \"mesa\": 21,\n    \"brancas\": \"Fonseca, Pedro Miguel Ramos\",\n    \"pretas\": \"Elissalt Cardenas, Hector\",\n    \"resultado\": \"0-1\"\n  },\n  {\n    \"mesa\": 22,\n    \"brancas\": \"Fiedorek, Michal\",\n    \"pretas\": \"Morais, Vitor\",\n    \"resultado\": \"1-0\"\n  },\n  {\n    \"mesa\": 23,\n    \"brancas\": \"Sampaio, Dinis\",\n    \"pretas\": \"Hryzlova, Sofiia\",\n    \"resultado\": \"0-1\"\n  },\n  {\n    \"mesa\": 24,\n    \"brancas\": \"Romanishin, Oleg M\",\n    \"pretas\": \"Pinho, Fernando\",\n    \"resultado\": \"1-0\"\n  },\n  {\n    \"mesa\": 25,\n    \"brancas\": \"Santos, Joao Carlos Martins\",\n    \"pretas\": \"Faryma, Matviy\",\n    \"resultado\": \"0-1\"\n  },\n  {\n    \"mesa\": 26,\n    \"brancas\": \"Pniaczek, Marek\",\n    \"pretas\": \"Coelho, Jorge Manuel\",\n    \"resultado\": \"1-0\"\n  },\n  {\n    \"mesa\": 27,\n    \"brancas\": \"Barros, Luis\",\n    \"pretas\": \"Junior, Domingos\",\n    \"resultado\": \"0-1\"\n  },\n  {\n    \"mesa\": 28,\n    \"brancas\": \"Maisuradze, Nino\",\n    \"pretas\": \"Mendes, Joao Rui\",\n    \"resultado\": \"1-0\"\n  },\n  {\n    \"mesa\": 29,\n    \"brancas\": \"Goncalves, Antonio Guilherme\",\n    \"pretas\": \"Krasovskiy, Kirill\",\n    \"resultado\": \"0-1\"\n  },\n  {\n    \"mesa\": 30,\n    \"brancas\": \"Santos, Antonio P\",\n    \"pretas\": \"Vidigal, Bernardo\",\n    \"resultado\": \"1-0\"\n  },\n  {\n    \"mesa\": 31,\n    \"brancas\": \"Montenegro, Matias\",\n    \"pretas\": \"Faryma, Maksym\",\n    \"resultado\": \"0-1\"\n  },\n  {\n    \"mesa\": 32,\n    \"brancas\": \"Ribeiro, Fernando\",\n    \"pretas\": \"Junior, Aguinaldo Vera Cruz\",\n    \"resultado\": \"1-0\"\n  },\n  {\n    \"mesa\": 33,\n    \"brancas\": \"Silva, Rui Manuel De Almeida\",\n    \"pretas\": \"Pintor, Simao\",\n    \"resultado\": \"0-1\"\n  },\n  {\n    \"mesa\": 34,\n    \"brancas\": \"Sarabando, Rodrigo Andias\",\n    \"pretas\": \"Correia, Pedro Mourao Soares\",\n    \"resultado\": \"1-0\"\n  },\n  {\n    \"mesa\": 35,\n    \"brancas\": \"Dias, Jose Oliveira Gaspar\",\n    \"pretas\": \"Morais, Miguel Almeida\",\n    \"resultado\": \"0-1\"\n  },\n  {\n    \"mesa\": 36,\n    \"brancas\": \"Cordeiro, Joao Carlos Santos F\",\n    \"pretas\": \"Nandy, Satyaki\",\n    \"resultado\": \"1-0\"\n  },\n  {\n    \"mesa\": 37,\n    \"brancas\": \"Khiali, Vahid\",\n    \"pretas\": \"Fernandes, Ricardo Paulos\",\n    \"resultado\": \"0-1\"\n  },\n  {\n    \"mesa\": 38,\n    \"brancas\": \"Silva, Mariana\",\n    \"pretas\": \"Sharma, Harshit\",\n    \"resultado\": \"1-0\"\n  },\n  {\n    \"mesa\": 39,\n    \"brancas\": \"Pickwick, Samuel Louis Peter\",\n    \"pretas\": \"Torres Dominguez, David\",\n    \"resultado\": \"0-1\"\n  },\n  {\n    \"mesa\": 40,\n    \"brancas\": \"Dinis De Sousa, Joao\",\n    \"pretas\": \"Gasalho, Mario Da Conceicao N\",\n    \"resultado\": \"1-0\"\n  },\n  {\n    \"mesa\": 41,\n    \"brancas\": \"Abilbek, Azamat\",\n    \"pretas\": \"Delgado Serrano, Angel\",\n    \"resultado\": \"0-1\"\n  },\n  {\n    \"mesa\": 42,\n    \"brancas\": \"Guerreiro, Nuno\",\n    \"pretas\": \"Rosa, Rafael\",\n    \"resultado\": \"1-0\"\n  },\n  {\n    \"mesa\": 43,\n    \"brancas\": \"Mateus, Pedro\",\n    \"pretas\": \"Montes Mayo, Juan Jose\",\n    \"resultado\": \"0-1\"\n  },\n  {\n    \"mesa\": 44,\n    \"brancas\": \"Biajoli, Lucas\",\n    \"pretas\": \"bye\",\n    \"resultado\": \"1-0\"\n  },\n  {\n    \"mesa\": 45,\n    \"brancas\": \"Goncalves, Lucas Jordao\",\n    \"pretas\": \"n o emparceirado\",\n    \"resultado\": \"0-1\"\n  },\n  {\n    \"mesa\": 46,\n    \"brancas\": \"Mata, Adilson\",\n    \"pretas\": \"n o emparceirado\",\n    \"resultado\": \"0-1\"\n  },\n  {\n    \"mesa\": 47,\n    \"brancas\": \"Cruz, Francisco Manuel Nunes M.\",\n    \"pretas\": \"n o emparceirado\",\n    \"resultado\": \"0-1\"\n  },\n  {\n    \"mesa\": 48,\n    \"brancas\": \"Godinho Marques, Pedro\",\n    \"pretas\": \"n o emparceirado\",\n    \"resultado\": \"0-1\"\n  },\n  {\n    \"mesa\": 49,\n    \"brancas\": \"Bouxo, Luis Antonio Maximino\",\n    \"pretas\": \"n o emparceirado\",\n    \"resultado\": \"0-1\"\n  },\n  {\n    \"mesa\": 50,\n    \"brancas\": \"Rodriguez, Rene Quispe\",\n    \"pretas\": \"n o emparceirado\",\n    \"resultado\": \"0-1\"\n  }\n];\n\n    \/\/ Fun\u00e7\u00e3o para carregar e exibir a tabela\n    function carregarTabela() {\n        const tbody = document.getElementById(\"tabela-resultados\").querySelector(\"tbody\");\n\n        resultados.forEach(jogo => {\n            const row = document.createElement(\"tr\");\n            row.innerHTML = `\n                <td>${jogo.mesa}<\/td>\n                <td>${jogo.brancas}<\/td>\n                <td>${jogo.pretas}<\/td>\n                <td>${jogo.resultado}<\/td>\n            `;\n            tbody.appendChild(row);\n        });\n    }\n\n    \/\/ Chama a fun\u00e7\u00e3o para carregar a tabela ao carregar a p\u00e1gina\n    carregarTabela();\n<\/script>\n\n<\/body>\n<\/html>\n","protected":false},"excerpt":{"rendered":"<p>Resultados da Ronda 1 Resultados da Ronda 1 Mesa Brancas Pretas Resultado<\/p>\n","protected":false},"author":1,"featured_media":0,"parent":1582,"menu_order":1,"comment_status":"closed","ping_status":"closed","template":"","meta":{"footnotes":""},"yoast_head":"<!-- This site is optimized with the Yoast SEO Premium plugin v23.7 (Yoast SEO v23.7) - https:\/\/yoast.com\/wordpress\/plugins\/seo\/ -->\n<title>Ronda 1 - Festival de Xadrez da Figueira da Foz - &quot;Tournament is financially supported by FIDE Open Aid Project&quot;<\/title>\n<meta name=\"robots\" content=\"index, follow, max-snippet:-1, max-image-preview:large, max-video-preview:-1\" \/>\n<link rel=\"canonical\" href=\"http:\/\/xadrezfigueira.mfbpro.com\/?page_id=1559\" \/>\n<meta property=\"og:locale\" content=\"en_US\" \/>\n<meta property=\"og:type\" content=\"article\" \/>\n<meta property=\"og:title\" content=\"Ronda 1\" \/>\n<meta property=\"og:description\" content=\"Resultados da Ronda 1 Resultados da Ronda 1 Mesa Brancas Pretas Resultado\" \/>\n<meta property=\"og:url\" content=\"http:\/\/xadrezfigueira.mfbpro.com\/?page_id=1559\" \/>\n<meta property=\"og:site_name\" content=\"Festival de Xadrez da Figueira da Foz - &quot;Tournament is financially supported by FIDE Open Aid Project&quot;\" \/>\n<meta property=\"article:publisher\" content=\"https:\/\/www.facebook.com\/miguel.babo.3\" \/>\n<meta property=\"article:modified_time\" content=\"2025-11-11T11:08:57+00:00\" \/>\n<meta name=\"twitter:card\" content=\"summary_large_image\" \/>\n<meta name=\"twitter:label1\" content=\"Est. reading time\" \/>\n\t<meta name=\"twitter:data1\" content=\"1 minute\" \/>\n<script type=\"application\/ld+json\" class=\"yoast-schema-graph\">{\"@context\":\"https:\/\/schema.org\",\"@graph\":[{\"@type\":\"WebPage\",\"@id\":\"http:\/\/xadrezfigueira.mfbpro.com\/?page_id=1559\",\"url\":\"http:\/\/xadrezfigueira.mfbpro.com\/?page_id=1559\",\"name\":\"Ronda 1 - Festival de Xadrez da Figueira da Foz - &quot;Tournament is financially supported by FIDE Open Aid Project&quot;\",\"isPartOf\":{\"@id\":\"http:\/\/xadrezfigueira.mfbpro.com\/#website\"},\"datePublished\":\"2024-09-15T08:12:18+00:00\",\"dateModified\":\"2025-11-11T11:08:57+00:00\",\"breadcrumb\":{\"@id\":\"http:\/\/xadrezfigueira.mfbpro.com\/?page_id=1559#breadcrumb\"},\"inLanguage\":\"en\",\"potentialAction\":[{\"@type\":\"ReadAction\",\"target\":[\"http:\/\/xadrezfigueira.mfbpro.com\/?page_id=1559\"]}]},{\"@type\":\"BreadcrumbList\",\"@id\":\"http:\/\/xadrezfigueira.mfbpro.com\/?page_id=1559#breadcrumb\",\"itemListElement\":[{\"@type\":\"ListItem\",\"position\":1,\"name\":\"Home\",\"item\":\"http:\/\/xadrezfigueira.mfbpro.com\/\"},{\"@type\":\"ListItem\",\"position\":2,\"name\":\"Resultados 2025\",\"item\":\"http:\/\/xadrezfigueira.mfbpro.com\/?page_id=1582\"},{\"@type\":\"ListItem\",\"position\":3,\"name\":\"Ronda 1\"}]},{\"@type\":\"WebSite\",\"@id\":\"http:\/\/xadrezfigueira.mfbpro.com\/#website\",\"url\":\"http:\/\/xadrezfigueira.mfbpro.com\/\",\"name\":\"Festival Internacional de Xadrez da Figueira da Fox\",\"description\":\"Site oficial do torneio\",\"publisher\":{\"@id\":\"http:\/\/xadrezfigueira.mfbpro.com\/#organization\"},\"potentialAction\":[{\"@type\":\"SearchAction\",\"target\":{\"@type\":\"EntryPoint\",\"urlTemplate\":\"http:\/\/xadrezfigueira.mfbpro.com\/?s={search_term_string}\"},\"query-input\":{\"@type\":\"PropertyValueSpecification\",\"valueRequired\":true,\"valueName\":\"search_term_string\"}}],\"inLanguage\":\"en\"},{\"@type\":\"Organization\",\"@id\":\"http:\/\/xadrezfigueira.mfbpro.com\/#organization\",\"name\":\"Assembleia Figueirense\",\"url\":\"http:\/\/xadrezfigueira.mfbpro.com\/\",\"logo\":{\"@type\":\"ImageObject\",\"inLanguage\":\"en\",\"@id\":\"http:\/\/xadrezfigueira.mfbpro.com\/#\/schema\/logo\/image\/\",\"url\":\"https:\/\/xadrezfigueira.mfbpro.com\/wp-content\/uploads\/2023\/05\/FIDE-logo-2022-black-with-black-background.png\",\"contentUrl\":\"https:\/\/xadrezfigueira.mfbpro.com\/wp-content\/uploads\/2023\/05\/FIDE-logo-2022-black-with-black-background.png\",\"width\":360,\"height\":360,\"caption\":\"Assembleia Figueirense\"},\"image\":{\"@id\":\"http:\/\/xadrezfigueira.mfbpro.com\/#\/schema\/logo\/image\/\"},\"sameAs\":[\"https:\/\/www.facebook.com\/miguel.babo.3\"]}]}<\/script>\n<!-- \/ Yoast SEO Premium plugin. -->","yoast_head_json":{"title":"Ronda 1 - Festival de Xadrez da Figueira da Foz - &quot;Tournament is financially supported by FIDE Open Aid Project&quot;","robots":{"index":"index","follow":"follow","max-snippet":"max-snippet:-1","max-image-preview":"max-image-preview:large","max-video-preview":"max-video-preview:-1"},"canonical":"http:\/\/xadrezfigueira.mfbpro.com\/?page_id=1559","og_locale":"en_US","og_type":"article","og_title":"Ronda 1","og_description":"Resultados da Ronda 1 Resultados da Ronda 1 Mesa Brancas Pretas Resultado","og_url":"http:\/\/xadrezfigueira.mfbpro.com\/?page_id=1559","og_site_name":"Festival de Xadrez da Figueira da Foz - &quot;Tournament is financially supported by FIDE Open Aid Project&quot;","article_publisher":"https:\/\/www.facebook.com\/miguel.babo.3","article_modified_time":"2025-11-11T11:08:57+00:00","twitter_card":"summary_large_image","twitter_misc":{"Est. reading time":"1 minute"},"schema":{"@context":"https:\/\/schema.org","@graph":[{"@type":"WebPage","@id":"http:\/\/xadrezfigueira.mfbpro.com\/?page_id=1559","url":"http:\/\/xadrezfigueira.mfbpro.com\/?page_id=1559","name":"Ronda 1 - Festival de Xadrez da Figueira da Foz - &quot;Tournament is financially supported by FIDE Open Aid Project&quot;","isPartOf":{"@id":"http:\/\/xadrezfigueira.mfbpro.com\/#website"},"datePublished":"2024-09-15T08:12:18+00:00","dateModified":"2025-11-11T11:08:57+00:00","breadcrumb":{"@id":"http:\/\/xadrezfigueira.mfbpro.com\/?page_id=1559#breadcrumb"},"inLanguage":"en","potentialAction":[{"@type":"ReadAction","target":["http:\/\/xadrezfigueira.mfbpro.com\/?page_id=1559"]}]},{"@type":"BreadcrumbList","@id":"http:\/\/xadrezfigueira.mfbpro.com\/?page_id=1559#breadcrumb","itemListElement":[{"@type":"ListItem","position":1,"name":"Home","item":"http:\/\/xadrezfigueira.mfbpro.com\/"},{"@type":"ListItem","position":2,"name":"Resultados 2025","item":"http:\/\/xadrezfigueira.mfbpro.com\/?page_id=1582"},{"@type":"ListItem","position":3,"name":"Ronda 1"}]},{"@type":"WebSite","@id":"http:\/\/xadrezfigueira.mfbpro.com\/#website","url":"http:\/\/xadrezfigueira.mfbpro.com\/","name":"Festival Internacional de Xadrez da Figueira da Fox","description":"Site oficial do torneio","publisher":{"@id":"http:\/\/xadrezfigueira.mfbpro.com\/#organization"},"potentialAction":[{"@type":"SearchAction","target":{"@type":"EntryPoint","urlTemplate":"http:\/\/xadrezfigueira.mfbpro.com\/?s={search_term_string}"},"query-input":{"@type":"PropertyValueSpecification","valueRequired":true,"valueName":"search_term_string"}}],"inLanguage":"en"},{"@type":"Organization","@id":"http:\/\/xadrezfigueira.mfbpro.com\/#organization","name":"Assembleia Figueirense","url":"http:\/\/xadrezfigueira.mfbpro.com\/","logo":{"@type":"ImageObject","inLanguage":"en","@id":"http:\/\/xadrezfigueira.mfbpro.com\/#\/schema\/logo\/image\/","url":"https:\/\/xadrezfigueira.mfbpro.com\/wp-content\/uploads\/2023\/05\/FIDE-logo-2022-black-with-black-background.png","contentUrl":"https:\/\/xadrezfigueira.mfbpro.com\/wp-content\/uploads\/2023\/05\/FIDE-logo-2022-black-with-black-background.png","width":360,"height":360,"caption":"Assembleia Figueirense"},"image":{"@id":"http:\/\/xadrezfigueira.mfbpro.com\/#\/schema\/logo\/image\/"},"sameAs":["https:\/\/www.facebook.com\/miguel.babo.3"]}]}},"_links":{"self":[{"href":"https:\/\/xadrezfigueira.mfbpro.com\/index.php?rest_route=\/wp\/v2\/pages\/1559"}],"collection":[{"href":"https:\/\/xadrezfigueira.mfbpro.com\/index.php?rest_route=\/wp\/v2\/pages"}],"about":[{"href":"https:\/\/xadrezfigueira.mfbpro.com\/index.php?rest_route=\/wp\/v2\/types\/page"}],"author":[{"embeddable":true,"href":"https:\/\/xadrezfigueira.mfbpro.com\/index.php?rest_route=\/wp\/v2\/users\/1"}],"replies":[{"embeddable":true,"href":"https:\/\/xadrezfigueira.mfbpro.com\/index.php?rest_route=%2Fwp%2Fv2%2Fcomments&post=1559"}],"version-history":[{"count":18,"href":"https:\/\/xadrezfigueira.mfbpro.com\/index.php?rest_route=\/wp\/v2\/pages\/1559\/revisions"}],"predecessor-version":[{"id":2452,"href":"https:\/\/xadrezfigueira.mfbpro.com\/index.php?rest_route=\/wp\/v2\/pages\/1559\/revisions\/2452"}],"up":[{"embeddable":true,"href":"https:\/\/xadrezfigueira.mfbpro.com\/index.php?rest_route=\/wp\/v2\/pages\/1582"}],"wp:attachment":[{"href":"https:\/\/xadrezfigueira.mfbpro.com\/index.php?rest_route=%2Fwp%2Fv2%2Fmedia&parent=1559"}],"curies":[{"name":"wp","href":"https:\/\/api.w.org\/{rel}","templated":true}]}}