{"id":1939,"date":"2024-11-06T17:21:12","date_gmt":"2024-11-06T17:21:12","guid":{"rendered":"https:\/\/xadrezfigueira.mfbpro.com\/?page_id=1939"},"modified":"2024-11-15T17:36:55","modified_gmt":"2024-11-15T17:36:55","slug":"nao-emparceirados-1a-sessao","status":"publish","type":"page","link":"http:\/\/xadrezfigueira.mfbpro.com\/?page_id=1939","title":{"rendered":"N\u00e3o emparceirados 1\u00aa sess\u00e3o"},"content":{"rendered":"\n<!DOCTYPE html>\n<html lang=\"pt-BR\">\n<head>\n    <meta charset=\"UTF-8\">\n    <title>Exibir Jogadores<\/title>\n    <style>\n        table {\n            width: 50%;\n            border-collapse: collapse;\n            margin: 20px auto;\n        }\n        table, th, td {\n            border: 1px solid black;\n            text-align: center;\n            padding: 10px;\n        }\n        th {\n            background-color: #f2f2f2;\n        }\n    <\/style>\n<\/head>\n<body>\n\n<h2 style=\"text-align: center;\">Tabela de Jogadores<\/h2>\n<table id=\"tabelaJogadores\">\n    <thead>\n        <tr>\n            <th>Nome do Jogador<\/th>\n            <th>Elo<\/th>\n            <th>T\u00edtulo<\/th>\n            <th>Pa\u00eds<\/th>\n        <\/tr>\n    <\/thead>\n    <tbody><\/tbody>\n<\/table>\n\n<script>\n    \/\/ Dados JSON dos jogadores\n    const jogadores = [\n        \n    ];\n\n    \/\/ Seleciona o corpo da tabela\n    const tabelaBody = document.getElementById('tabelaJogadores').querySelector('tbody');\n\n    \/\/ Insere os dados na tabela\n    jogadores.forEach(jogador => {\n        const row = document.createElement('tr');\n        row.innerHTML = `\n            <td>${jogador.name}<\/td>\n            <td>${jogador.elo}<\/td>\n            <td>${jogador.title}<\/td>\n            <td>${jogador.country}<\/td>\n        `;\n        tabelaBody.appendChild(row);\n    });\n<\/script>\n\n<\/body>\n<\/html>\n","protected":false},"excerpt":{"rendered":"<p>Exibir Jogadores Tabela de Jogadores Nome do Jogador Elo T\u00edtulo Pa\u00eds<\/p>\n","protected":false},"author":1,"featured_media":0,"parent":1584,"menu_order":1,"comment_status":"closed","ping_status":"closed","template":"","meta":{"footnotes":""},"yoast_head":"<!-- This site is optimized with the Yoast SEO Premium plugin v23.7 (Yoast SEO v23.7) - https:\/\/yoast.com\/wordpress\/plugins\/seo\/ -->\n<title>N\u00e3o emparceirados 1\u00aa sess\u00e3o - Festival de Xadrez da Figueira da Foz - &quot;Tournament is financially supported by FIDE Open Aid Project&quot;<\/title>\n<meta name=\"robots\" content=\"index, follow, max-snippet:-1, max-image-preview:large, max-video-preview:-1\" \/>\n<link rel=\"canonical\" href=\"https:\/\/xadrezfigueira.mfbpro.com\/?page_id=1939\" \/>\n<meta property=\"og:locale\" content=\"en_US\" \/>\n<meta property=\"og:type\" content=\"article\" \/>\n<meta property=\"og:title\" content=\"N\u00e3o emparceirados 1\u00aa sess\u00e3o\" \/>\n<meta property=\"og:description\" content=\"Exibir Jogadores Tabela de Jogadores Nome do Jogador Elo T\u00edtulo Pa\u00eds\" \/>\n<meta property=\"og:url\" content=\"https:\/\/xadrezfigueira.mfbpro.com\/?page_id=1939\" \/>\n<meta property=\"og:site_name\" content=\"Festival de Xadrez da Figueira da Foz - &quot;Tournament is financially supported by FIDE Open Aid Project&quot;\" \/>\n<meta property=\"article:publisher\" content=\"https:\/\/www.facebook.com\/miguel.babo.3\" \/>\n<meta property=\"article:modified_time\" content=\"2024-11-15T17:36:55+00:00\" \/>\n<meta name=\"twitter:card\" content=\"summary_large_image\" \/>\n<meta name=\"twitter:label1\" content=\"Est. reading time\" \/>\n\t<meta name=\"twitter:data1\" content=\"1 minute\" \/>\n<script type=\"application\/ld+json\" class=\"yoast-schema-graph\">{\"@context\":\"https:\/\/schema.org\",\"@graph\":[{\"@type\":\"WebPage\",\"@id\":\"https:\/\/xadrezfigueira.mfbpro.com\/?page_id=1939\",\"url\":\"https:\/\/xadrezfigueira.mfbpro.com\/?page_id=1939\",\"name\":\"N\u00e3o emparceirados 1\u00aa sess\u00e3o - Festival de Xadrez da Figueira da Foz - &quot;Tournament is financially supported by FIDE Open Aid Project&quot;\",\"isPartOf\":{\"@id\":\"http:\/\/xadrezfigueira.mfbpro.com\/#website\"},\"datePublished\":\"2024-11-06T17:21:12+00:00\",\"dateModified\":\"2024-11-15T17:36:55+00:00\",\"breadcrumb\":{\"@id\":\"https:\/\/xadrezfigueira.mfbpro.com\/?page_id=1939#breadcrumb\"},\"inLanguage\":\"en\",\"potentialAction\":[{\"@type\":\"ReadAction\",\"target\":[\"https:\/\/xadrezfigueira.mfbpro.com\/?page_id=1939\"]}]},{\"@type\":\"BreadcrumbList\",\"@id\":\"https:\/\/xadrezfigueira.mfbpro.com\/?page_id=1939#breadcrumb\",\"itemListElement\":[{\"@type\":\"ListItem\",\"position\":1,\"name\":\"Home\",\"item\":\"http:\/\/xadrezfigueira.mfbpro.com\/\"},{\"@type\":\"ListItem\",\"position\":2,\"name\":\"Arbitragem\",\"item\":\"http:\/\/xadrezfigueira.mfbpro.com\/?page_id=1584\"},{\"@type\":\"ListItem\",\"position\":3,\"name\":\"N\u00e3o emparceirados 1\u00aa sess\u00e3o\"}]},{\"@type\":\"WebSite\",\"@id\":\"http:\/\/xadrezfigueira.mfbpro.com\/#website\",\"url\":\"http:\/\/xadrezfigueira.mfbpro.com\/\",\"name\":\"Festival Internacional de Xadrez da Figueira da Fox\",\"description\":\"Site oficial do torneio\",\"publisher\":{\"@id\":\"http:\/\/xadrezfigueira.mfbpro.com\/#organization\"},\"potentialAction\":[{\"@type\":\"SearchAction\",\"target\":{\"@type\":\"EntryPoint\",\"urlTemplate\":\"http:\/\/xadrezfigueira.mfbpro.com\/?s={search_term_string}\"},\"query-input\":{\"@type\":\"PropertyValueSpecification\",\"valueRequired\":true,\"valueName\":\"search_term_string\"}}],\"inLanguage\":\"en\"},{\"@type\":\"Organization\",\"@id\":\"http:\/\/xadrezfigueira.mfbpro.com\/#organization\",\"name\":\"Assembleia Figueirense\",\"url\":\"http:\/\/xadrezfigueira.mfbpro.com\/\",\"logo\":{\"@type\":\"ImageObject\",\"inLanguage\":\"en\",\"@id\":\"http:\/\/xadrezfigueira.mfbpro.com\/#\/schema\/logo\/image\/\",\"url\":\"https:\/\/xadrezfigueira.mfbpro.com\/wp-content\/uploads\/2023\/05\/FIDE-logo-2022-black-with-black-background.png\",\"contentUrl\":\"https:\/\/xadrezfigueira.mfbpro.com\/wp-content\/uploads\/2023\/05\/FIDE-logo-2022-black-with-black-background.png\",\"width\":360,\"height\":360,\"caption\":\"Assembleia Figueirense\"},\"image\":{\"@id\":\"http:\/\/xadrezfigueira.mfbpro.com\/#\/schema\/logo\/image\/\"},\"sameAs\":[\"https:\/\/www.facebook.com\/miguel.babo.3\"]}]}<\/script>\n<!-- \/ Yoast SEO Premium plugin. -->","yoast_head_json":{"title":"N\u00e3o emparceirados 1\u00aa sess\u00e3o - Festival de Xadrez da Figueira da Foz - &quot;Tournament is financially supported by FIDE Open Aid Project&quot;","robots":{"index":"index","follow":"follow","max-snippet":"max-snippet:-1","max-image-preview":"max-image-preview:large","max-video-preview":"max-video-preview:-1"},"canonical":"https:\/\/xadrezfigueira.mfbpro.com\/?page_id=1939","og_locale":"en_US","og_type":"article","og_title":"N\u00e3o emparceirados 1\u00aa sess\u00e3o","og_description":"Exibir Jogadores Tabela de Jogadores Nome do Jogador Elo T\u00edtulo Pa\u00eds","og_url":"https:\/\/xadrezfigueira.mfbpro.com\/?page_id=1939","og_site_name":"Festival de Xadrez da Figueira da Foz - &quot;Tournament is financially supported by FIDE Open Aid Project&quot;","article_publisher":"https:\/\/www.facebook.com\/miguel.babo.3","article_modified_time":"2024-11-15T17:36:55+00:00","twitter_card":"summary_large_image","twitter_misc":{"Est. reading time":"1 minute"},"schema":{"@context":"https:\/\/schema.org","@graph":[{"@type":"WebPage","@id":"https:\/\/xadrezfigueira.mfbpro.com\/?page_id=1939","url":"https:\/\/xadrezfigueira.mfbpro.com\/?page_id=1939","name":"N\u00e3o emparceirados 1\u00aa sess\u00e3o - Festival de Xadrez da Figueira da Foz - &quot;Tournament is financially supported by FIDE Open Aid Project&quot;","isPartOf":{"@id":"http:\/\/xadrezfigueira.mfbpro.com\/#website"},"datePublished":"2024-11-06T17:21:12+00:00","dateModified":"2024-11-15T17:36:55+00:00","breadcrumb":{"@id":"https:\/\/xadrezfigueira.mfbpro.com\/?page_id=1939#breadcrumb"},"inLanguage":"en","potentialAction":[{"@type":"ReadAction","target":["https:\/\/xadrezfigueira.mfbpro.com\/?page_id=1939"]}]},{"@type":"BreadcrumbList","@id":"https:\/\/xadrezfigueira.mfbpro.com\/?page_id=1939#breadcrumb","itemListElement":[{"@type":"ListItem","position":1,"name":"Home","item":"http:\/\/xadrezfigueira.mfbpro.com\/"},{"@type":"ListItem","position":2,"name":"Arbitragem","item":"http:\/\/xadrezfigueira.mfbpro.com\/?page_id=1584"},{"@type":"ListItem","position":3,"name":"N\u00e3o emparceirados 1\u00aa sess\u00e3o"}]},{"@type":"WebSite","@id":"http:\/\/xadrezfigueira.mfbpro.com\/#website","url":"http:\/\/xadrezfigueira.mfbpro.com\/","name":"Festival Internacional de Xadrez da Figueira da Fox","description":"Site oficial do torneio","publisher":{"@id":"http:\/\/xadrezfigueira.mfbpro.com\/#organization"},"potentialAction":[{"@type":"SearchAction","target":{"@type":"EntryPoint","urlTemplate":"http:\/\/xadrezfigueira.mfbpro.com\/?s={search_term_string}"},"query-input":{"@type":"PropertyValueSpecification","valueRequired":true,"valueName":"search_term_string"}}],"inLanguage":"en"},{"@type":"Organization","@id":"http:\/\/xadrezfigueira.mfbpro.com\/#organization","name":"Assembleia Figueirense","url":"http:\/\/xadrezfigueira.mfbpro.com\/","logo":{"@type":"ImageObject","inLanguage":"en","@id":"http:\/\/xadrezfigueira.mfbpro.com\/#\/schema\/logo\/image\/","url":"https:\/\/xadrezfigueira.mfbpro.com\/wp-content\/uploads\/2023\/05\/FIDE-logo-2022-black-with-black-background.png","contentUrl":"https:\/\/xadrezfigueira.mfbpro.com\/wp-content\/uploads\/2023\/05\/FIDE-logo-2022-black-with-black-background.png","width":360,"height":360,"caption":"Assembleia Figueirense"},"image":{"@id":"http:\/\/xadrezfigueira.mfbpro.com\/#\/schema\/logo\/image\/"},"sameAs":["https:\/\/www.facebook.com\/miguel.babo.3"]}]}},"_links":{"self":[{"href":"http:\/\/xadrezfigueira.mfbpro.com\/index.php?rest_route=\/wp\/v2\/pages\/1939"}],"collection":[{"href":"http:\/\/xadrezfigueira.mfbpro.com\/index.php?rest_route=\/wp\/v2\/pages"}],"about":[{"href":"http:\/\/xadrezfigueira.mfbpro.com\/index.php?rest_route=\/wp\/v2\/types\/page"}],"author":[{"embeddable":true,"href":"http:\/\/xadrezfigueira.mfbpro.com\/index.php?rest_route=\/wp\/v2\/users\/1"}],"replies":[{"embeddable":true,"href":"http:\/\/xadrezfigueira.mfbpro.com\/index.php?rest_route=%2Fwp%2Fv2%2Fcomments&post=1939"}],"version-history":[{"count":3,"href":"http:\/\/xadrezfigueira.mfbpro.com\/index.php?rest_route=\/wp\/v2\/pages\/1939\/revisions"}],"predecessor-version":[{"id":2184,"href":"http:\/\/xadrezfigueira.mfbpro.com\/index.php?rest_route=\/wp\/v2\/pages\/1939\/revisions\/2184"}],"up":[{"embeddable":true,"href":"http:\/\/xadrezfigueira.mfbpro.com\/index.php?rest_route=\/wp\/v2\/pages\/1584"}],"wp:attachment":[{"href":"http:\/\/xadrezfigueira.mfbpro.com\/index.php?rest_route=%2Fwp%2Fv2%2Fmedia&parent=1939"}],"curies":[{"name":"wp","href":"https:\/\/api.w.org\/{rel}","templated":true}]}}